{"id":1892,"date":"2025-11-06T19:58:43","date_gmt":"2025-11-06T23:58:43","guid":{"rendered":"https:\/\/akubaa.com\/?post_type=product&#038;p=1892"},"modified":"2026-02-09T22:02:06","modified_gmt":"2026-02-10T02:02:06","slug":"mama-en-pausa-7-dias-para-recuperar-tu-calma-sin-dejar-de-ser-tu","status":"publish","type":"product","link":"https:\/\/akubaa.com\/index.php\/producto\/mama-en-pausa-7-dias-para-recuperar-tu-calma-sin-dejar-de-ser-tu\/","title":{"rendered":"MAM\u00c1 EN PAUSA \u2013 7 d\u00edas para recuperar tu calma sin dejar de ser t\u00fa"},"content":{"rendered":"<p data-start=\"270\" data-end=\"515\"><img loading=\"lazy\" decoding=\"async\" class=\"alignnone size-medium wp-image-1893\" src=\"https:\/\/akubaa.com\/wp-content\/uploads\/2025\/11\/Imagen-81-300x200.jpeg\" alt=\"\" width=\"300\" height=\"200\" srcset=\"https:\/\/akubaa.com\/wp-content\/uploads\/2025\/11\/Imagen-81-300x200.jpeg 300w, https:\/\/akubaa.com\/wp-content\/uploads\/2025\/11\/Imagen-81-600x400.jpeg 600w, https:\/\/akubaa.com\/wp-content\/uploads\/2025\/11\/Imagen-81-1024x683.jpeg 1024w, https:\/\/akubaa.com\/wp-content\/uploads\/2025\/11\/Imagen-81-768x512.jpeg 768w, https:\/\/akubaa.com\/wp-content\/uploads\/2025\/11\/Imagen-81-1320x880.jpeg 1320w, https:\/\/akubaa.com\/wp-content\/uploads\/2025\/11\/Imagen-81.jpeg 1536w\" sizes=\"auto, (max-width: 300px) 100vw, 300px\" \/><\/p>\n<p data-start=\"517\" data-end=\"807\">En solo siete d\u00edas, a trav\u00e9s de historias reales, pasos simples y cierres nocturnos llenos de ternura, esta gu\u00eda te acompa\u00f1a a:<br data-start=\"644\" data-end=\"647\" \/>\u2022 poner l\u00edmites sin culpa,<br data-start=\"673\" data-end=\"676\" \/>\u2022 escuchar tu cuerpo,<br data-start=\"697\" data-end=\"700\" \/>\u2022 soltar la exigencia,<br data-start=\"722\" data-end=\"725\" \/>\u2022 descansar sin remordimiento,<br data-start=\"755\" data-end=\"758\" \/>\u2022 y reconectar con la mujer que siempre fuiste.<\/p>\n<p data-start=\"809\" data-end=\"1000\">Escrito con sensibilidad y verdad por <strong data-start=\"847\" data-end=\"857\">AK<\/strong>, este libro es un abrazo para todas las mujeres que se cansaron de fingir control y est\u00e1n listas para elegir calma sin dejar de ser fuertes.<\/p>\n<p data-start=\"1002\" data-end=\"1057\">A veces la pausa no es rendirse\u2026 es empezar distinto.<\/p>\n","protected":false},"excerpt":{"rendered":"<p>En solo siete d\u00edas, a trav\u00e9s de historias reales, pasos simples y cierres nocturnos llenos de ternura, esta gu\u00eda te acompa\u00f1a a:\u2022 poner l\u00edmites sin culpa,\u2022 escuchar tu cuerpo,\u2022 soltar la exigencia,\u2022 descansar sin remordimiento,\u2022 y reconectar con la mujer que siempre fuiste. Escrito con sensibilidad y verdad por AK, este libro es un abrazo [&hellip;]<\/p>\n","protected":false},"featured_media":1890,"comment_status":"open","ping_status":"closed","template":"","meta":{"jetpack_post_was_ever_published":false,"jetpack_publicize_message":"","jetpack_publicize_feature_enabled":true,"jetpack_social_post_already_shared":true,"jetpack_social_options":{"image_generator_settings":{"template":"highway","default_image_id":0,"font":"","enabled":false},"version":2}},"product_brand":[],"product_cat":[34],"product_tag":[],"class_list":{"0":"post-1892","1":"product","2":"type-product","3":"status-publish","4":"has-post-thumbnail","6":"product_cat-ebooks","8":"first","9":"instock","10":"sale","11":"featured","12":"downloadable","13":"virtual","14":"taxable","15":"purchasable","16":"product-type-simple"},"yoast_head":"<!-- This site is optimized with the Yoast SEO plugin v27.4 - https:\/\/yoast.com\/product\/yoast-seo-wordpress\/ -->\n<title>MAM\u00c1 EN PAUSA: 7 d\u00edas para reencontrarte - AKubaa<\/title>\n<meta name=\"description\" content=\"MAM\u00c1 EN PAUSA no promete una vida perfecta: te ense\u00f1a a bajar el volumen del mundo, respirar y reencontrarte contigo.......\" \/>\n<meta name=\"robots\" content=\"index, follow, max-snippet:-1, max-image-preview:large, max-video-preview:-1\" \/>\n<link rel=\"canonical\" href=\"https:\/\/akubaa.com\/index.php\/producto\/mama-en-pausa-7-dias-para-recuperar-tu-calma-sin-dejar-de-ser-tu\/\" \/>\n<meta property=\"og:locale\" content=\"es_ES\" \/>\n<meta property=\"og:type\" content=\"article\" \/>\n<meta property=\"og:title\" content=\"MAM\u00c1 EN PAUSA: 7 d\u00edas para reencontrarte - AKubaa\" \/>\n<meta property=\"og:description\" content=\"MAM\u00c1 EN PAUSA no promete una vida perfecta: te ense\u00f1a a bajar el volumen del mundo, respirar y reencontrarte contigo.......\" \/>\n<meta property=\"og:url\" content=\"https:\/\/akubaa.com\/index.php\/producto\/mama-en-pausa-7-dias-para-recuperar-tu-calma-sin-dejar-de-ser-tu\/\" \/>\n<meta property=\"og:site_name\" content=\"AKubaa\" \/>\n<meta property=\"article:publisher\" content=\"https:\/\/www.facebook.com\/akubaa\" \/>\n<meta property=\"article:modified_time\" content=\"2026-02-10T02:02:06+00:00\" \/>\n<meta property=\"og:image\" content=\"https:\/\/akubaa.com\/wp-content\/uploads\/2025\/11\/Mama-en-Pausa-.jpeg\" \/>\n\t<meta property=\"og:image:width\" content=\"512\" \/>\n\t<meta property=\"og:image:height\" content=\"800\" \/>\n\t<meta property=\"og:image:type\" content=\"image\/jpeg\" \/>\n<meta name=\"twitter:card\" content=\"summary_large_image\" \/>\n<meta name=\"twitter:label1\" content=\"Tiempo de lectura\" \/>\n\t<meta name=\"twitter:data1\" content=\"1 minuto\" \/>\n<script type=\"application\/ld+json\" class=\"yoast-schema-graph\">{\"@context\":\"https:\\\/\\\/schema.org\",\"@graph\":[{\"@type\":\"WebPage\",\"@id\":\"https:\\\/\\\/akubaa.com\\\/index.php\\\/producto\\\/mama-en-pausa-7-dias-para-recuperar-tu-calma-sin-dejar-de-ser-tu\\\/\",\"url\":\"https:\\\/\\\/akubaa.com\\\/index.php\\\/producto\\\/mama-en-pausa-7-dias-para-recuperar-tu-calma-sin-dejar-de-ser-tu\\\/\",\"name\":\"MAM\u00c1 EN PAUSA: 7 d\u00edas para reencontrarte - AKubaa\",\"isPartOf\":{\"@id\":\"https:\\\/\\\/akubaa.com\\\/#website\"},\"primaryImageOfPage\":{\"@id\":\"https:\\\/\\\/akubaa.com\\\/index.php\\\/producto\\\/mama-en-pausa-7-dias-para-recuperar-tu-calma-sin-dejar-de-ser-tu\\\/#primaryimage\"},\"image\":{\"@id\":\"https:\\\/\\\/akubaa.com\\\/index.php\\\/producto\\\/mama-en-pausa-7-dias-para-recuperar-tu-calma-sin-dejar-de-ser-tu\\\/#primaryimage\"},\"thumbnailUrl\":\"https:\\\/\\\/akubaa.com\\\/wp-content\\\/uploads\\\/2025\\\/11\\\/Mama-en-Pausa-.jpeg\",\"datePublished\":\"2025-11-06T23:58:43+00:00\",\"dateModified\":\"2026-02-10T02:02:06+00:00\",\"description\":\"MAM\u00c1 EN PAUSA no promete una vida perfecta: te ense\u00f1a a bajar el volumen del mundo, respirar y reencontrarte contigo.......\",\"breadcrumb\":{\"@id\":\"https:\\\/\\\/akubaa.com\\\/index.php\\\/producto\\\/mama-en-pausa-7-dias-para-recuperar-tu-calma-sin-dejar-de-ser-tu\\\/#breadcrumb\"},\"inLanguage\":\"es\",\"potentialAction\":[{\"@type\":\"ReadAction\",\"target\":[\"https:\\\/\\\/akubaa.com\\\/index.php\\\/producto\\\/mama-en-pausa-7-dias-para-recuperar-tu-calma-sin-dejar-de-ser-tu\\\/\"]}]},{\"@type\":\"ImageObject\",\"inLanguage\":\"es\",\"@id\":\"https:\\\/\\\/akubaa.com\\\/index.php\\\/producto\\\/mama-en-pausa-7-dias-para-recuperar-tu-calma-sin-dejar-de-ser-tu\\\/#primaryimage\",\"url\":\"https:\\\/\\\/akubaa.com\\\/wp-content\\\/uploads\\\/2025\\\/11\\\/Mama-en-Pausa-.jpeg\",\"contentUrl\":\"https:\\\/\\\/akubaa.com\\\/wp-content\\\/uploads\\\/2025\\\/11\\\/Mama-en-Pausa-.jpeg\",\"width\":512,\"height\":800},{\"@type\":\"BreadcrumbList\",\"@id\":\"https:\\\/\\\/akubaa.com\\\/index.php\\\/producto\\\/mama-en-pausa-7-dias-para-recuperar-tu-calma-sin-dejar-de-ser-tu\\\/#breadcrumb\",\"itemListElement\":[{\"@type\":\"ListItem\",\"position\":1,\"name\":\"Portada\",\"item\":\"https:\\\/\\\/akubaa.com\\\/\"},{\"@type\":\"ListItem\",\"position\":2,\"name\":\"Tienda\",\"item\":\"https:\\\/\\\/akubaa.com\\\/index.php\\\/tienda\\\/\"},{\"@type\":\"ListItem\",\"position\":3,\"name\":\"MAM\u00c1 EN PAUSA \u2013 7 d\u00edas para recuperar tu calma sin dejar de ser t\u00fa\"}]},{\"@type\":\"WebSite\",\"@id\":\"https:\\\/\\\/akubaa.com\\\/#website\",\"url\":\"https:\\\/\\\/akubaa.com\\\/\",\"name\":\"AKubaa\",\"description\":\"Vive ,conoce y disfruta Cuba al estilo de A&amp;K.\",\"publisher\":{\"@id\":\"https:\\\/\\\/akubaa.com\\\/#\\\/schema\\\/person\\\/b096b63c1ad27204e55fabb2cf2153a5\"},\"potentialAction\":[{\"@type\":\"SearchAction\",\"target\":{\"@type\":\"EntryPoint\",\"urlTemplate\":\"https:\\\/\\\/akubaa.com\\\/?s={search_term_string}\"},\"query-input\":{\"@type\":\"PropertyValueSpecification\",\"valueRequired\":true,\"valueName\":\"search_term_string\"}}],\"inLanguage\":\"es\"},{\"@type\":[\"Person\",\"Organization\"],\"@id\":\"https:\\\/\\\/akubaa.com\\\/#\\\/schema\\\/person\\\/b096b63c1ad27204e55fabb2cf2153a5\",\"name\":\"AKubaa\",\"image\":{\"@type\":\"ImageObject\",\"inLanguage\":\"es\",\"@id\":\"https:\\\/\\\/akubaa.com\\\/wp-content\\\/uploads\\\/2025\\\/08\\\/Imagen-17.jpeg\",\"url\":\"https:\\\/\\\/akubaa.com\\\/wp-content\\\/uploads\\\/2025\\\/08\\\/Imagen-17.jpeg\",\"contentUrl\":\"https:\\\/\\\/akubaa.com\\\/wp-content\\\/uploads\\\/2025\\\/08\\\/Imagen-17.jpeg\",\"width\":1024,\"height\":1024,\"caption\":\"AKubaa\"},\"logo\":{\"@id\":\"https:\\\/\\\/akubaa.com\\\/wp-content\\\/uploads\\\/2025\\\/08\\\/Imagen-17.jpeg\"},\"sameAs\":[\"https:\\\/\\\/akubaa.com\",\"https:\\\/\\\/www.facebook.com\\\/akubaa\",\"https:\\\/\\\/www.instagram.com\\\/akubaa?\"]}]}<\/script>\n<!-- \/ Yoast SEO plugin. -->","yoast_head_json":{"title":"MAM\u00c1 EN PAUSA: 7 d\u00edas para reencontrarte - AKubaa","description":"MAM\u00c1 EN PAUSA no promete una vida perfecta: te ense\u00f1a a bajar el volumen del mundo, respirar y reencontrarte contigo.......","robots":{"index":"index","follow":"follow","max-snippet":"max-snippet:-1","max-image-preview":"max-image-preview:large","max-video-preview":"max-video-preview:-1"},"canonical":"https:\/\/akubaa.com\/index.php\/producto\/mama-en-pausa-7-dias-para-recuperar-tu-calma-sin-dejar-de-ser-tu\/","og_locale":"es_ES","og_type":"article","og_title":"MAM\u00c1 EN PAUSA: 7 d\u00edas para reencontrarte - AKubaa","og_description":"MAM\u00c1 EN PAUSA no promete una vida perfecta: te ense\u00f1a a bajar el volumen del mundo, respirar y reencontrarte contigo.......","og_url":"https:\/\/akubaa.com\/index.php\/producto\/mama-en-pausa-7-dias-para-recuperar-tu-calma-sin-dejar-de-ser-tu\/","og_site_name":"AKubaa","article_publisher":"https:\/\/www.facebook.com\/akubaa","article_modified_time":"2026-02-10T02:02:06+00:00","og_image":[{"width":512,"height":800,"url":"https:\/\/akubaa.com\/wp-content\/uploads\/2025\/11\/Mama-en-Pausa-.jpeg","type":"image\/jpeg"}],"twitter_card":"summary_large_image","twitter_misc":{"Tiempo de lectura":"1 minuto"},"schema":{"@context":"https:\/\/schema.org","@graph":[{"@type":"WebPage","@id":"https:\/\/akubaa.com\/index.php\/producto\/mama-en-pausa-7-dias-para-recuperar-tu-calma-sin-dejar-de-ser-tu\/","url":"https:\/\/akubaa.com\/index.php\/producto\/mama-en-pausa-7-dias-para-recuperar-tu-calma-sin-dejar-de-ser-tu\/","name":"MAM\u00c1 EN PAUSA: 7 d\u00edas para reencontrarte - AKubaa","isPartOf":{"@id":"https:\/\/akubaa.com\/#website"},"primaryImageOfPage":{"@id":"https:\/\/akubaa.com\/index.php\/producto\/mama-en-pausa-7-dias-para-recuperar-tu-calma-sin-dejar-de-ser-tu\/#primaryimage"},"image":{"@id":"https:\/\/akubaa.com\/index.php\/producto\/mama-en-pausa-7-dias-para-recuperar-tu-calma-sin-dejar-de-ser-tu\/#primaryimage"},"thumbnailUrl":"https:\/\/akubaa.com\/wp-content\/uploads\/2025\/11\/Mama-en-Pausa-.jpeg","datePublished":"2025-11-06T23:58:43+00:00","dateModified":"2026-02-10T02:02:06+00:00","description":"MAM\u00c1 EN PAUSA no promete una vida perfecta: te ense\u00f1a a bajar el volumen del mundo, respirar y reencontrarte contigo.......","breadcrumb":{"@id":"https:\/\/akubaa.com\/index.php\/producto\/mama-en-pausa-7-dias-para-recuperar-tu-calma-sin-dejar-de-ser-tu\/#breadcrumb"},"inLanguage":"es","potentialAction":[{"@type":"ReadAction","target":["https:\/\/akubaa.com\/index.php\/producto\/mama-en-pausa-7-dias-para-recuperar-tu-calma-sin-dejar-de-ser-tu\/"]}]},{"@type":"ImageObject","inLanguage":"es","@id":"https:\/\/akubaa.com\/index.php\/producto\/mama-en-pausa-7-dias-para-recuperar-tu-calma-sin-dejar-de-ser-tu\/#primaryimage","url":"https:\/\/akubaa.com\/wp-content\/uploads\/2025\/11\/Mama-en-Pausa-.jpeg","contentUrl":"https:\/\/akubaa.com\/wp-content\/uploads\/2025\/11\/Mama-en-Pausa-.jpeg","width":512,"height":800},{"@type":"BreadcrumbList","@id":"https:\/\/akubaa.com\/index.php\/producto\/mama-en-pausa-7-dias-para-recuperar-tu-calma-sin-dejar-de-ser-tu\/#breadcrumb","itemListElement":[{"@type":"ListItem","position":1,"name":"Portada","item":"https:\/\/akubaa.com\/"},{"@type":"ListItem","position":2,"name":"Tienda","item":"https:\/\/akubaa.com\/index.php\/tienda\/"},{"@type":"ListItem","position":3,"name":"MAM\u00c1 EN PAUSA \u2013 7 d\u00edas para recuperar tu calma sin dejar de ser t\u00fa"}]},{"@type":"WebSite","@id":"https:\/\/akubaa.com\/#website","url":"https:\/\/akubaa.com\/","name":"AKubaa","description":"Vive ,conoce y disfruta Cuba al estilo de A&amp;K.","publisher":{"@id":"https:\/\/akubaa.com\/#\/schema\/person\/b096b63c1ad27204e55fabb2cf2153a5"},"potentialAction":[{"@type":"SearchAction","target":{"@type":"EntryPoint","urlTemplate":"https:\/\/akubaa.com\/?s={search_term_string}"},"query-input":{"@type":"PropertyValueSpecification","valueRequired":true,"valueName":"search_term_string"}}],"inLanguage":"es"},{"@type":["Person","Organization"],"@id":"https:\/\/akubaa.com\/#\/schema\/person\/b096b63c1ad27204e55fabb2cf2153a5","name":"AKubaa","image":{"@type":"ImageObject","inLanguage":"es","@id":"https:\/\/akubaa.com\/wp-content\/uploads\/2025\/08\/Imagen-17.jpeg","url":"https:\/\/akubaa.com\/wp-content\/uploads\/2025\/08\/Imagen-17.jpeg","contentUrl":"https:\/\/akubaa.com\/wp-content\/uploads\/2025\/08\/Imagen-17.jpeg","width":1024,"height":1024,"caption":"AKubaa"},"logo":{"@id":"https:\/\/akubaa.com\/wp-content\/uploads\/2025\/08\/Imagen-17.jpeg"},"sameAs":["https:\/\/akubaa.com","https:\/\/www.facebook.com\/akubaa","https:\/\/www.instagram.com\/akubaa?"]}]}},"jetpack_publicize_connections":[],"jetpack_sharing_enabled":true,"jetpack_likes_enabled":true,"jetpack-related-posts":[],"_links":{"self":[{"href":"https:\/\/akubaa.com\/index.php\/wp-json\/wp\/v2\/product\/1892","targetHints":{"allow":["GET"]}}],"collection":[{"href":"https:\/\/akubaa.com\/index.php\/wp-json\/wp\/v2\/product"}],"about":[{"href":"https:\/\/akubaa.com\/index.php\/wp-json\/wp\/v2\/types\/product"}],"replies":[{"embeddable":true,"href":"https:\/\/akubaa.com\/index.php\/wp-json\/wp\/v2\/comments?post=1892"}],"wp:featuredmedia":[{"embeddable":true,"href":"https:\/\/akubaa.com\/index.php\/wp-json\/wp\/v2\/media\/1890"}],"wp:attachment":[{"href":"https:\/\/akubaa.com\/index.php\/wp-json\/wp\/v2\/media?parent=1892"}],"wp:term":[{"taxonomy":"product_brand","embeddable":true,"href":"https:\/\/akubaa.com\/index.php\/wp-json\/wp\/v2\/product_brand?post=1892"},{"taxonomy":"product_cat","embeddable":true,"href":"https:\/\/akubaa.com\/index.php\/wp-json\/wp\/v2\/product_cat?post=1892"},{"taxonomy":"product_tag","embeddable":true,"href":"https:\/\/akubaa.com\/index.php\/wp-json\/wp\/v2\/product_tag?post=1892"}],"curies":[{"name":"wp","href":"https:\/\/api.w.org\/{rel}","templated":true}]}}